e millions digit of 15536643?
5
What is the thousands digit of 412312?
2
What is the hundreds digit of 185585?
5
What is the thousands digit of 19403762?
3
What is the ten thousands digit of 125448?
2
What is the units digit of 633991?
1
What is the ten thousands digit of 236064?
3
What is the units digit of 75920?
0
What is the hundreds digit of 214135?
1
What is the hundreds digit of 360293?
2
What is the ten thousands digit of 3215384?
1
What is the tens digit of 1499949?
4
What is the tens digit of 421694?
9
What is the tens digit of 11391569?
6
What is the tens digit of 276746?
4
What is the hundreds digit of 1741774?
7
What is the ten thousands digit of 3552711?
5
What is the ten thousands digit of 2685895?
8
What is the thousands digit of 1531860?
1
What is the tens digit of 8593307?
0
What is the tens digit of 12552540?
4
What is the tens digit of 7788075?
7
What is the thousands digit of 106178?
6
What is the hundreds digit of 7855858?
8
What is the tens digit of 338996?
9
What is the hundreds digit of 27164?
1
What is the millions digit of 12677966?
2
What is the hundreds digit of 1244945?
9
What is the hundreds digit of 2995834?
8
What is the hundreds digit of 70937?
9
What is the thousands digit of 12622?
2
What is the ten thousands digit of 257546?
5
What is the tens digit of 2282182?
8
What is the hundreds digit of 2051689?
6
What is the thousands digit of 1607567?
7
What is the thousands digit of 54581?
4
What is the tens digit of 3281990?
9
What is the units digit of 5900999?
9
What is the hundreds digit of 261884?
8
What is the ten thousands digit of 9103393?
0
What is the millions digit of 2199793?
2
What is the thousands digit of 17740375?
0
What is the units digit of 6553594?
4
What is the millions digit of 19593999?
9
What is the units digit of 3436950?
0
What is the units digit of 1567062?
2
What is the thousands digit of 2514425?
4
What is the ten thousands digit of 10134293?
3
What is the hundreds digit of 864231?
2
What is the ten thousands digit of 877718?
7
What is the tens digit of 318758?
5
What is the thousands digit of 12074216?
4
What is the millions digit of 1637384?
1
What is the thousands digit of 25449741?
9
What is the hundred thousands digit of 182738?
1
What is the tens digit of 163014?
1
What is the thousands digit of 3552340?
2
What is the hundred thousands digit of 10102692?
1
What is the millions digit of 1555758?
1
What is the thousands digit of 6560?
6
What is the hundred thousands digit of 697442?
6
What is the hundred thousands digit of 120310?
1
What is the hundreds digit of 321538?
5
What is the thousands digit of 280072?
0
What is the thousands digit of 29154499?
4
What is the millions digit of 7645432?
7
What is the hundreds digit of 512961?
9
What is the units digit of 18724708?
8
What is the tens digit of 8516?
1
What is the hundreds digit of 4663941?
9
What is the units digit of 6876670?
0
What is the units digit of 4243661?
1
What is the ten thousands digit of 2493432?
9
What is the tens digit of 947391?
9
What is the hundred thousands digit of 222710?
2
What is the units digit of 81024?
4
What is the hundred thousands digit of 948287?
9
What is the units digit of 379905?
5
What is the hundreds digit of 464465?
4
What is the hundreds digit of 941055?
0
What is the units digit of 2136433?
3
What is the ten thousands digit of 124139?
2
What is the tens digit of 15390271?
7
What is the millions digit of 1689841?
1
What is the hundreds digit of 4503822?
8
What is the thousands digit of 448099?
8
What is the thousands digit of 1039484?
9
What is the tens digit of 1934847?
4
What is the hundred thousands digit of 104900?
1
What is the hundreds digit of 811841?
8
What is the thousands digit of 243484?
3
What is the tens digit of 1510281?
8
What is the ten thousands digit of 101491?
0
What is the hundreds digit of 3365677?
6
What is the thousands digit of 275482?
5
What is the tens digit of 4998034?
3
What is the ten thousands digit of 1291598?
9
What is the hundred thousands digit of 1226783?
2
What is the hundreds digit of 351803?
8
What is the thousands digit of 858023?
8
What is the tens digit of 334895?
9
What is the hundred thousands digit of 207888?
2
What is the thousands digit of 1903668?
3
What is the hundreds digit of 287638?
6
What is the units digit of 1886910?
0
What is the hundred thousands digit of 11004384?
0
What is the ten thousands digit of 32508720?
0
What is the units digit of 1642724?
4
What is the tens digit of 242476?
7
What is the millions digit of 10069838?
0
What is the hundred thousands digit of 2371467?
3
What is the thousands digit of 18787?
8
What is the units digit of 245021?
1
What is the hundred thousands digit of 5865452?
8
What is the millions digit of 1028844?
1
What is the hundred thousands digit of 4304751?
3
What is the hundreds digit of 45098?
0
What is the thousands digit of 167648?
7
What is the hundreds digit of 1108837?
8
What is the hundreds digit of 71343?
3
What is the tens digit of 3436198?
9
What is the hundreds digit of 117001?
0
What is the ten thousands digit of 846673?
4
What is the thousands digit of 16208673?
8
What is the millions digit of 1358014?
1
What is the millions digit of 2126083?
2
What is the units digit of 3339391?
1
What is the units digit of 443470?
0
What is the units digit of 2941304?
4
What is the thousands digit of 1227878?
7
What is the hundreds digit of 718300?
3
What is the millions digit of 3370393?
3
What is the units digit of 42254?
4
What is the ten thousands digit of 2281565?
8
What is the units digit of 5341920?
0
What is the tens digit of 437011?
1
What is the millions digit of 2230851?
2
What is the units digit of 3130191?
1
What is the ten thousands digit of 4885248?
8
What is the thousands digit of 253781?
3
What is the hundred thousands digit of 6068090?
0
What is the ten thousands digit of 4211633?
1
What is the tens digit of 5465594?
9
What is the ten thousands digit of 168909?
6
What is the hundred thousands digit of 7793857?
7
What is the ten thousands digit of 36109986?
0
What is the hundreds digit of 461225?
2
What is the ten thousands digit of 1408028?
0
What is the units digit of 4235095?
5
What is the units digit of 93711?
1
What is the hundreds digit of 646065?
0
What is the units digit of 1231150?
0
What is the hundred thousands digit of 16433904?
4
What is the units digit of 18079543?
3
What is the thousands digit of 29350525?
0
What is the ten thousands digit of 238540?
3
What is the thousands digit of 45264?
5
What is the units digit of 2726740?
0
What is the thousands digit of 5391364?
1
What is the tens digit of 29174125?
2
What is the tens digit of 12444840?
4
What is the tens digit of 191340?
4
What is the units digit of 110398?
8
What is the units digit of 4062545?
5
What is the hundreds digit of 968962?
9
What is the millions digit of 7258215?
7
What is the ten thousands digit of 845402?
4
What is the thousands digit of 579609?
9
What is the hundreds digit of 219916?
9
What is the units digit of 941645?
5
What is the thousands digit of 4522418?
2
What is the thousands digit of 3447828?
7
What is the thousands digit of 808752?
8
What is the tens digit of 122419?
1
What is the hundred thousands digit of 387397?
3
What is the hundreds digit of 29650451?
4
What is the thousands digit of 23398770?
8
What is the ten thousands digit of 85311?
8
What is the thousands digit of 579372?
9
What is the tens digit of 2021596?
9
What is the hundreds digit of 738169?
1
What is the thousands digit of 9625858?
5
What is the hundred thousands digit of 3512776?
5
What is the hundred thousands digit of 284772?
2
What is the units digit of 8376534?
4
What is the hundreds digit of 360610?
6
What is the ten millions digit of 26443105?
2
What is the hundreds digit of 502014?
0
What is the hundred thousands digit of 4330494?
3
What is the tens digit of 29354?
5
What is the ten thousands digit of 26386270?
8
What is the hundreds digit of 2118200?
2
What is the units digit of 972341?
1
What is the millions digit of 6269212?
6
What is the tens digit of 38820998?
9
What is the hundreds digit of 2359485?
4
What is the ten thousands digit of 1679065?
7
What is the ten thousands digit of 8080893?
8
What is the tens di